[INFO] fetching crate n3-parser 0.3.5...
[INFO] checking n3-parser-0.3.5 against try#72f88fc4e9458f89516a0b8b0868f3718aec5b47 for pr-74989
[INFO] extracting crate n3-parser 0.3.5 into /workspace/builds/worker-14/source
[INFO] validating manifest of crates.io crate n3-parser 0.3.5 on toolchain 72f88fc4e9458f89516a0b8b0868f3718aec5b47
[INFO] running `Command { std: "/workspace/cargo-home/bin/cargo" "+72f88fc4e9458f89516a0b8b0868f3718aec5b47" "read-manifest" "--manifest-path" "Cargo.toml", kill_on_drop: false }`
[INFO] started tweaking crates.io crate n3-parser 0.3.5
[INFO] finished tweaking crates.io crate n3-parser 0.3.5
[INFO] tweaked toml for crates.io crate n3-parser 0.3.5 written to /workspace/builds/worker-14/source/Cargo.toml
[INFO] running `Command { std: "/workspace/cargo-home/bin/cargo" "+72f88fc4e9458f89516a0b8b0868f3718aec5b47" "generate-lockfile" "--manifest-path" "Cargo.toml" "-Zno-index-update", kill_on_drop: false }`
[INFO] running `Command { std: "/workspace/cargo-home/bin/cargo" "+72f88fc4e9458f89516a0b8b0868f3718aec5b47" "fetch" "--locked" "--manifest-path" "Cargo.toml", kill_on_drop: false }`
[INFO] [stderr]  Downloading crates ...
[INFO] [stderr]   Downloaded unic-emoji-char v0.9.0
[INFO] [stderr]   Downloaded unic-ucd-ident v0.9.0
[INFO] [stderr]   Downloaded wtf8 v0.0.3
[INFO] running `Command { std: "docker" "create" "-v" "/var/lib/crater-agent-workspace/builds/worker-14/target:/opt/rustwide/target:rw,Z" "-v" "/var/lib/crater-agent-workspace/builds/worker-14/source:/opt/rustwide/workdir:ro,Z" "-v" "/var/lib/crater-agent-workspace/cargo-home:/opt/rustwide/cargo-home:ro,Z" "-v" "/var/lib/crater-agent-workspace/rustup-home:/opt/rustwide/rustup-home:ro,Z" "-e" "SOURCE_DIR=/opt/rustwide/workdir" "-e" "CARGO_TARGET_DIR=/opt/rustwide/target" "-e" "CARGO_HOME=/opt/rustwide/cargo-home" "-e" "RUSTUP_HOME=/opt/rustwide/rustup-home" "-w" "/opt/rustwide/workdir" "-m" "1610612736" "--user" "0:0" "--network" "none" "rustops/crates-build-env@sha256:d92eaeed33fa75130ca1ee6c8a01d1ffb62bac859dfdfb3450e3e5d1c0146529" "/opt/rustwide/cargo-home/bin/cargo" "+72f88fc4e9458f89516a0b8b0868f3718aec5b47" "metadata" "--no-deps" "--format-version=1", kill_on_drop: false }`
[INFO] [stdout] 31c9479354fab0533e942356f74c3fe77b58323267ab08dc889db3b816cd1a25
[INFO] [stderr] WARNING: Your kernel does not support swap limit capabilities or the cgroup is not mounted. Memory limited without swap.
[INFO] running `Command { std: "docker" "start" "-a" "31c9479354fab0533e942356f74c3fe77b58323267ab08dc889db3b816cd1a25", kill_on_drop: false }`
[INFO] running `Command { std: "docker" "inspect" "31c9479354fab0533e942356f74c3fe77b58323267ab08dc889db3b816cd1a25", kill_on_drop: false }`
[INFO] running `Command { std: "docker" "rm" "-f" "31c9479354fab0533e942356f74c3fe77b58323267ab08dc889db3b816cd1a25", kill_on_drop: false }`
[INFO] [stdout] 31c9479354fab0533e942356f74c3fe77b58323267ab08dc889db3b816cd1a25
[INFO] running `Command { std: "docker" "create" "-v" "/var/lib/crater-agent-workspace/builds/worker-14/target:/opt/rustwide/target:rw,Z" "-v" "/var/lib/crater-agent-workspace/builds/worker-14/source:/opt/rustwide/workdir:ro,Z" "-v" "/var/lib/crater-agent-workspace/cargo-home:/opt/rustwide/cargo-home:ro,Z" "-v" "/var/lib/crater-agent-workspace/rustup-home:/opt/rustwide/rustup-home:ro,Z" "-e" "SOURCE_DIR=/opt/rustwide/workdir" "-e" "CARGO_TARGET_DIR=/opt/rustwide/target" "-e" "CARGO_INCREMENTAL=0" "-e" "RUST_BACKTRACE=full" "-e" "RUSTFLAGS=--cap-lints=forbid" "-e" "CARGO_HOME=/opt/rustwide/cargo-home" "-e" "RUSTUP_HOME=/opt/rustwide/rustup-home" "-w" "/opt/rustwide/workdir" "-m" "1610612736" "--user" "0:0" "--network" "none" "rustops/crates-build-env@sha256:d92eaeed33fa75130ca1ee6c8a01d1ffb62bac859dfdfb3450e3e5d1c0146529" "/opt/rustwide/cargo-home/bin/cargo" "+72f88fc4e9458f89516a0b8b0868f3718aec5b47" "check" "--frozen" "--all" "--all-targets" "--message-format=json", kill_on_drop: false }`
[INFO] [stdout] d6702ba9bf810b6d131f14b4cc99909481e1520d1cf293faca645c7b160efe6e
[INFO] [stderr] WARNING: Your kernel does not support swap limit capabilities or the cgroup is not mounted. Memory limited without swap.
[INFO] running `Command { std: "docker" "start" "-a" "d6702ba9bf810b6d131f14b4cc99909481e1520d1cf293faca645c7b160efe6e", kill_on_drop: false }`
[INFO] [stderr]    Compiling proc-macro2 v1.0.21
[INFO] [stderr]    Compiling unicode-xid v0.2.1
[INFO] [stderr]    Compiling syn v1.0.40
[INFO] [stderr]    Compiling autocfg v1.0.1
[INFO] [stderr]    Compiling serde_derive v1.0.116
[INFO] [stderr]    Compiling typenum v1.12.0
[INFO] [stderr]    Compiling byteorder v1.3.4
[INFO] [stderr]    Compiling libc v0.2.77
[INFO] [stderr]    Compiling memchr v2.3.3
[INFO] [stderr]    Compiling serde v1.0.116
[INFO] [stderr]    Compiling log v0.4.11
[INFO] [stderr]    Compiling byte-tools v0.3.1
[INFO] [stderr]    Compiling hashbrown v0.9.0
[INFO] [stderr]    Compiling siphasher v0.3.3
[INFO] [stderr]    Compiling cfg-if v0.1.10
[INFO] [stderr]    Compiling precomputed-hash v0.1.1
[INFO] [stderr]    Compiling new_debug_unreachable v1.0.4
[INFO] [stderr]    Compiling opaque-debug v0.2.3
[INFO] [stderr]    Compiling fake-simd v0.1.2
[INFO] [stderr]    Compiling fixedbitset v0.2.0
[INFO] [stderr]    Compiling strsim v0.9.3
[INFO] [stderr]    Compiling bit-vec v0.6.2
[INFO] [stderr]    Compiling lalrpop-util v0.19.1
[INFO] [stderr]     Checking unic-char-range v0.9.0
[INFO] [stderr]    Compiling diff v0.1.12
[INFO] [stderr]     Checking unic-common v0.9.0
[INFO] [stderr]     Checking wtf8 v0.0.3
[INFO] [stderr]    Compiling block-padding v0.1.5
[INFO] [stderr]    Compiling itertools v0.9.0
[INFO] [stderr]    Compiling phf_shared v0.8.0
[INFO] [stderr]     Checking unic-char-property v0.9.0
[INFO] [stderr]     Checking unic-ucd-version v0.9.0
[INFO] [stderr]    Compiling bit-set v0.5.2
[INFO] [stderr]     Checking unic-ucd-ident v0.9.0
[INFO] [stderr]     Checking unic-emoji-char v0.9.0
[INFO] [stderr]    Compiling indexmap v1.6.0
[INFO] [stderr]    Compiling num-traits v0.2.12
[INFO] [stderr]    Compiling ena v0.14.0
[INFO] [stderr]    Compiling aho-corasick v0.7.13
[INFO] [stderr]    Compiling quote v1.0.7
[INFO] [stderr]    Compiling dirs v1.0.5
[INFO] [stderr]    Compiling atty v0.2.14
[INFO] [stderr]    Compiling term v0.5.2
[INFO] [stderr]    Compiling petgraph v0.5.1
[INFO] [stderr]    Compiling generic-array v0.12.3
[INFO] [stderr]    Compiling regex v1.3.9
[INFO] [stderr]    Compiling ascii-canvas v2.0.0
[INFO] [stderr]    Compiling digest v0.8.1
[INFO] [stderr]    Compiling block-buffer v0.7.3
[INFO] [stderr]    Compiling sha2 v0.8.2
[INFO] [stderr]    Compiling docopt v1.1.0
[INFO] [stderr]    Compiling string_cache v0.8.0
[INFO] [stderr]    Compiling lalrpop v0.19.1
[INFO] [stderr]    Compiling n3-parser v0.3.5 (/opt/rustwide/workdir)
[INFO] [stdout] error[E0119]: conflicting implementations of trait `std::convert::From<error::LexicalError>` for type `lalrpop_util::ParseError<location::Location, token::Tok, error::LexicalError>`:
[INFO] [stdout]   --> src/error.rs:64:1
[INFO] [stdout]    |
[INFO] [stdout] 64 | impl From<LexicalError> for LalrpopError<Location, Tok, LexicalError> {
[INFO] [stdout]    | ^^^^^^^^^^^^^^^^^^^^^^^^^^^^^^^^^^^^^^^^^^^^^^^^^^^^^^^^^^^^^^^^^^^^^
[INFO] [stdout]    |
[INFO] [stdout]    = note: conflicting implementation in crate `lalrpop_util`:
[INFO] [stdout]            - impl<L, T, E> From<E> for lalrpop_util::ParseError<L, T, E>;
[INFO] [stdout] 
[INFO] [stdout] 
[INFO] [stdout] error[E0119]: conflicting implementations of trait `std::convert::From<error::LexicalError>` for type `lalrpop_util::ParseError<location::Location, token::Tok, error::LexicalError>`:
[INFO] [stdout]   --> src/error.rs:64:1
[INFO] [stdout]    |
[INFO] [stdout] 64 | impl From<LexicalError> for LalrpopError<Location, Tok, LexicalError> {
[INFO] [stdout]    | ^^^^^^^^^^^^^^^^^^^^^^^^^^^^^^^^^^^^^^^^^^^^^^^^^^^^^^^^^^^^^^^^^^^^^
[INFO] [stdout]    |
[INFO] [stdout]    = note: conflicting implementation in crate `lalrpop_util`:
[INFO] [stdout]            - impl<L, T, E> From<E> for lalrpop_util::ParseError<L, T, E>;
[INFO] [stdout] 
[INFO] [stdout] 
[INFO] [stderr] error: could not compile `n3-parser`.
[INFO] [stdout] error: aborting due to previous error
[INFO] [stdout] 
[INFO] [stdout] 
[INFO] [stderr] 
[INFO] [stdout] For more information about this error, try `rustc --explain E0119`.
[INFO] [stdout] 
[INFO] [stderr] To learn more, run the command again with --verbose.
[INFO] [stdout] error: aborting due to previous error
[INFO] [stdout] 
[INFO] [stdout] 
[INFO] [stderr] warning: build failed, waiting for other jobs to finish...
[INFO] [stdout] For more information about this error, try `rustc --explain E0119`.
[INFO] [stdout] 
[INFO] [stderr] error: build failed
[INFO] running `Command { std: "docker" "inspect" "d6702ba9bf810b6d131f14b4cc99909481e1520d1cf293faca645c7b160efe6e", kill_on_drop: false }`
[INFO] running `Command { std: "docker" "rm" "-f" "d6702ba9bf810b6d131f14b4cc99909481e1520d1cf293faca645c7b160efe6e", kill_on_drop: false }`
[INFO] [stdout] d6702ba9bf810b6d131f14b4cc99909481e1520d1cf293faca645c7b160efe6e
